{"id":299,"date":"2024-10-09T00:00:00","date_gmt":"2023-10-09T04:55:26","guid":{"rendered":"https:\/\/wordpressthemes.live\/WCG8\/WCM187_wooti\/electronics02\/?post_type=product&#038;p=299"},"modified":"2024-11-04T22:35:29","modified_gmt":"2024-11-04T19:35:29","slug":"oto-ustu-ruzgar-gulu","status":"publish","type":"product","link":"https:\/\/www.adakonsept.com\/?product=oto-ustu-ruzgar-gulu","title":{"rendered":"Oto \u00dcst\u00fc R\u00fczgar G\u00fcl\u00fc"},"content":{"rendered":"","protected":false},"excerpt":{"rendered":"<ul>\n<li>Magnetli &#8211; Araca Yap\u0131\u015f\u0131r &#8211; Zarar Vermez<\/li>\n<li>Sat\u0131l\u0131k &#8211; Kiral\u0131k \u00c7ift Tarafl\u0131<\/li>\n<li>Kaliteli ve Uzun \u00d6m\u00fcrl\u00fcd\u00fcr.<\/li>\n<\/ul>\n","protected":false},"featured_media":895,"comment_status":"open","ping_status":"closed","template":"","meta":{"_bst_post_transparent":"default","_bst_post_title":"","_bst_post_layout":"default","_bst_post_sidebar_id":"","_bst_post_content_style":"default","_bst_post_vertical_padding":"default","_bst_post_feature":"","_bst_post_feature_position":"","_bst_post_header":false,"_bst_post_footer":false},"product_brand":[],"product_cat":[91,64,75,79],"product_tag":[],"product_brands":[],"class_list":{"0":"post-299","1":"product","2":"type-product","3":"status-publish","4":"has-post-thumbnail","6":"product_cat-digital-watches","7":"product_cat-our-store","8":"product_cat-smart-devices","9":"product_cat-smart-watches","11":"first","12":"instock","13":"sale","14":"featured","15":"taxable","16":"shipping-taxable","17":"purchasable","18":"product-type-simple","19":"entry","20":"content-bg","21":"loop-entry"},"_links":{"self":[{"href":"https:\/\/www.adakonsept.com\/index.php?rest_route=\/wp\/v2\/product\/299","targetHints":{"allow":["GET"]}}],"collection":[{"href":"https:\/\/www.adakonsept.com\/index.php?rest_route=\/wp\/v2\/product"}],"about":[{"href":"https:\/\/www.adakonsept.com\/index.php?rest_route=\/wp\/v2\/types\/product"}],"replies":[{"embeddable":true,"href":"https:\/\/www.adakonsept.com\/index.php?rest_route=%2Fwp%2Fv2%2Fcomments&post=299"}],"wp:featuredmedia":[{"embeddable":true,"href":"https:\/\/www.adakonsept.com\/index.php?rest_route=\/wp\/v2\/media\/895"}],"wp:attachment":[{"href":"https:\/\/www.adakonsept.com\/index.php?rest_route=%2Fwp%2Fv2%2Fmedia&parent=299"}],"wp:term":[{"taxonomy":"product_brand","embeddable":true,"href":"https:\/\/www.adakonsept.com\/index.php?rest_route=%2Fwp%2Fv2%2Fproduct_brand&post=299"},{"taxonomy":"product_cat","embeddable":true,"href":"https:\/\/www.adakonsept.com\/index.php?rest_route=%2Fwp%2Fv2%2Fproduct_cat&post=299"},{"taxonomy":"product_tag","embeddable":true,"href":"https:\/\/www.adakonsept.com\/index.php?rest_route=%2Fwp%2Fv2%2Fproduct_tag&post=299"},{"taxonomy":"product_brands","embeddable":true,"href":"https:\/\/www.adakonsept.com\/index.php?rest_route=%2Fwp%2Fv2%2Fproduct_brands&post=299"}],"curies":[{"name":"wp","href":"https:\/\/api.w.org\/{rel}","templated":true}]}}